{"id":4148,"date":"2021-07-12T10:57:33","date_gmt":"2021-07-12T08:57:33","guid":{"rendered":"https:\/\/beeldbank.site\/?page_id=4148"},"modified":"2024-08-12T17:56:13","modified_gmt":"2024-08-12T15:56:13","slug":"utrechtse-padvinders-marsband","status":"publish","type":"page","link":"https:\/\/beeldbank.site\/?page_id=4148","title":{"rendered":"Utrechtse Padvinders Marsband"},"content":{"rendered":"\n<p>&lt; <a href=\"https:\/\/beeldbank.site\/?page_id=2170\" data-type=\"page\" data-id=\"2170\">terug<\/a><\/p>\n\n\n\n<h1 class=\"wp-block-heading\">Opgericht<\/h1>\n\n\n\n<p>In juni 1946.<\/p>\n\n\n\n<h1 class=\"wp-block-heading\">Bijzonderheden<\/h1>\n\n\n\n<p>De Band is opgericht als NPV-band.<\/p>\n\n\n\n<h1 class=\"wp-block-heading\">Locatie<\/h1>\n\n\n\n<p>Utrecht.<\/p>\n\n\n\n<h1 class=\"wp-block-heading\">Das<\/h1>\n\n\n\n<p>Oranje das met groen districtsinsigne Utrecht achterop.<\/p>\n\n\n\n<h1 class=\"wp-block-heading\">Einde<\/h1>\n\n\n\n<p>In 1983.<\/p>\n\n\n\n<h1 class=\"wp-block-heading\">Meer informatie<\/h1>\n\n\n\n<h1 class=\"wp-block-heading\">2024<\/h1>\n\n\n\n<p class=\"has-vivid-red-color has-text-color has-link-color wp-elements-70af3bdbf539dda3f4c3957090189828\"><em>Het museum kreeg deze vraag in 2024 van Hans Kooij uit Tasmani\u00eb.<\/em><\/p>\n\n\n\n<p>Ik woon al weer vele jaren in Tasmani\u00eb, Australi\u00eb. \u00a0In mijn jeugdjaren was ik tambour speler in de Utrechtse Padvinders Marsband en later ook Tambour Ma\u00eetre.<\/p>\n\n\n\n<p>Ik zal een jaar of 12\/13 zijn geweest toen ik in 1970 voor het eerst als tamboer mee ging doen. \u00a0Ik kreeg van de band een oude staf en ik kan me nog goed herinneren hoe ik in mijn grootmoeders tuin er mee oefende met een plaat met Sousa marsen luid spelend op haar oude pick-up.\u00a0<\/p>\n\n\n\n<p>De marsen waren zeer specifiek, ik heb ze daarna nooit meer gehoord. &nbsp;De Engelse of Schotse marsen die ze hier in Australi\u00eb spelen, zowel als de techniek, is heel anders. Maar ik kan me wel herinneren dat andere scouting bands ook dezelfde soort marsen speelden. <\/p>\n\n\n\n<p>Ik heb veel goede herinneringen, zoals verscheidene concoursen, de repetitie ruimte aan het Houtensepad, Henk Veenstra en nog veel meer. &nbsp;Ik kan me zelfs nog wat marsen deels herinneren, maar ben al jaren op zoek naar de partijen. &nbsp;(Ik ben musicus van beroep nu).<br>Ze waren destijds genoteerd, en ik hoop dat ze ergens in een archief zijn bewaard gebleven. &nbsp;<\/p>\n\n\n\n<p>Kunt u mij vertellen hoe ik zoiets zou kunnen opzoeken, en of die partijen te kopi\u00ebren zijn als ze nog bestaan.<\/p>\n\n\n\n<p class=\"has-vivid-red-color has-text-color has-link-color wp-elements-a8e9e4f0232e434c50f7a3fbafae26cd\">Onze reactie vanuit het museum was de volgende.<\/p>\n\n\n\n<p>&nbsp;Muziek, notenschrift, &nbsp;is er niet bewaard gebleven, de band gebruikte vaak militaire stukken, soms wat aangepast. <\/p>\n\n\n\n<p>Er is een landelijke bandcommissie voor scoutingbands misschien dat die je verder kunnen helpen. <br>Er is nu nog een klein aantal bands in Nederland over. Vorig jaar in 2023 was het een concours met zes bands.<br>Zie\u00a0<a href=\"http:\/\/lbc.scouting.nl\/\">lbc.scouting.nl<\/a><\/p>\n\n\n\n<p>Je zou aan de instructeur van Zetten kunnen vragen of hij je kan helpen. Het zal niet helemaal de muziek van 1960 zijn, maar wie weet.<\/p>\n\n\n\n<p>Veel succes in Tasmani\u00eb.<\/p>\n\n\n\n<h1 class=\"wp-block-heading\">1964<\/h1>\n\n\n\n<p>In 1964 liepen er voor het eerst meisjes mee. Bij deze nieuwe start kreeg de band zes trommels uitgereikt door DC van Konijnenburg.<\/p>\n\n\n\n<p class=\"has-pale-cyan-blue-color has-text-color has-link-color wp-elements-985e05c791781c296ea1cc75e07026d7\">NPV\/NPG Utrechtse Marsband 1964-1974<\/p>\n\n\n\n<p class=\"has-pale-cyan-blue-color has-text-color has-link-color wp-elements-7131a5143340843367ebc667610f02be\">Scouting Band Utrecht 1974 &#8211; 1983.<\/p>\n\n\n\n<h1 class=\"wp-block-heading\">1963<\/h1>\n\n\n\n<figure class=\"wp-block-image size-large\"><img decoding=\"async\" src=\"https:\/\/beeldbank.site\/wp-content\/uploads\/2023\/02\/1963-Utrechtse-padvinders-marsband-concours-1024x683.jpg\" alt=\"\" class=\"wp-image-6758\"\/><figcaption class=\"wp-element-caption\"><em>Bandconcours 1963.<\/em><\/figcaption><\/figure>\n\n\n\n<h1 class=\"wp-block-heading\">1960<\/h1>\n\n\n\n<figure class=\"wp-block-image size-large\"><img decoding=\"async\" src=\"https:\/\/beeldbank.site\/wp-content\/uploads\/2023\/02\/1960-04-23-Utrechtse-padvinders-marsband-jorisdag-1024x682.jpg\" alt=\"\" class=\"wp-image-6760\"\/><figcaption class=\"wp-element-caption\">St Jorisdag 1960.<\/figcaption><\/figure>\n\n\n\n<figure class=\"wp-block-image size-large\"><img decoding=\"async\" src=\"https:\/\/beeldbank.site\/wp-content\/uploads\/2023\/02\/1960-04-23-Utrechtse-padvinders-marsband-wandelmars-1024x682.jpg\" alt=\"\" class=\"wp-image-6761\"\/><figcaption class=\"wp-element-caption\">Wandelmars Dr. van Hoogenhuyzengroep 1960.<\/figcaption><\/figure>\n\n\n\n<h1 class=\"wp-block-heading\">1957<\/h1>\n\n\n\n<p>In 1957 heeft de band meegedaan aan her Landelijke Bandconcours in Utrecht<\/p>\n\n\n\n<p>De band heeft meegedaan aan de Stadionspelen in de jaren 50. <\/p>\n\n\n\n<figure class=\"wp-block-gallery aligncenter has-nested-images columns-default is-cropped wp-block-gallery-1 is-layout-flex wp-block-gallery-is-layout-flex\">\n<figure class=\"wp-block-image size-large\"><a href=\"https:\/\/beeldbank.site\/wp-content\/uploads\/2023\/02\/1957-06-02-BandconcoursScan-12-scaled.jpeg\"><img decoding=\"async\" data-id=\"6750\" src=\"https:\/\/beeldbank.site\/wp-content\/uploads\/2023\/02\/1957-06-02-BandconcoursScan-12-1024x683.jpeg\" alt=\"\" class=\"wp-image-6750\"\/><\/a><\/figure>\n\n\n\n<figure class=\"wp-block-image size-large\"><a href=\"https:\/\/beeldbank.site\/wp-content\/uploads\/2023\/02\/1957-06-02-BandconcoursScan-9-scaled.jpeg\"><img decoding=\"async\" data-id=\"6751\" src=\"https:\/\/beeldbank.site\/wp-content\/uploads\/2023\/02\/1957-06-02-BandconcoursScan-9-1024x683.jpeg\" alt=\"\" class=\"wp-image-6751\"\/><\/a><\/figure>\n\n\n\n<figure class=\"wp-block-image size-large\"><a href=\"https:\/\/beeldbank.site\/wp-content\/uploads\/2023\/02\/1957-06-02-BandconcoursScan-8-scaled.jpeg\"><img decoding=\"async\" data-id=\"6747\" src=\"https:\/\/beeldbank.site\/wp-content\/uploads\/2023\/02\/1957-06-02-BandconcoursScan-8-1024x683.jpeg\" alt=\"\" class=\"wp-image-6747\"\/><\/a><\/figure>\n\n\n\n<figure class=\"wp-block-image size-large\"><a href=\"https:\/\/beeldbank.site\/wp-content\/uploads\/2023\/02\/1957-06-02-BandconcoursScan-10-scaled.jpeg\"><img decoding=\"async\" data-id=\"6748\" src=\"https:\/\/beeldbank.site\/wp-content\/uploads\/2023\/02\/1957-06-02-BandconcoursScan-10-1024x683.jpeg\" alt=\"\" class=\"wp-image-6748\"\/><\/a><\/figure>\n\n\n\n<figure class=\"wp-block-image size-large\"><a href=\"https:\/\/beeldbank.site\/wp-content\/uploads\/2023\/02\/1957-06-02-BandconcoursScan-11-scaled.jpeg\"><img decoding=\"async\" data-id=\"6749\" src=\"https:\/\/beeldbank.site\/wp-content\/uploads\/2023\/02\/1957-06-02-BandconcoursScan-11-1024x683.jpeg\" alt=\"\" class=\"wp-image-6749\"\/><\/a><\/figure>\n<figcaption class=\"blocks-gallery-caption wp-element-caption\"> Landelijk Bandconcours 1957 in Utrecht<\/figcaption><\/figure>\n\n\n\n<h1 class=\"wp-block-heading\">1949<\/h1>\n\n\n\n<p>In 1949 deed de band mee aan het eerste landelijke bandconcours en daarna nog vele malen.<\/p>\n\n\n\n<figure class=\"wp-block-image size-large\"><img decoding=\"async\" src=\"https:\/\/beeldbank.site\/wp-content\/uploads\/2023\/02\/1957-Utrechtse-padvinders-marsband-1024x682.png\" alt=\"\" class=\"wp-image-6762\"\/><figcaption class=\"wp-element-caption\">Nieuwe trommels voor de band. Op de foto H.M. Roosendaal en H.M. Soesan in uniform.<\/figcaption><\/figure>\n","protected":false},"excerpt":{"rendered":"<p>&lt; terug Opgericht In juni 1946. Bijzonderheden De Band is opgericht als NPV-band. Locatie Utrecht. Das Oranje das met groen districtsinsigne Utrecht achterop. Einde In 1983. Meer informatie 2024 Het museum kreeg deze vraag in 2024 van Hans Kooij uit Tasmani\u00eb. Ik woon al weer vele jaren in Tasmani\u00eb, Australi\u00eb. \u00a0In mijn jeugdjaren was ik &hellip; <\/p>\n<p class=\"link-more\"><a href=\"https:\/\/beeldbank.site\/?page_id=4148\" class=\"more-link\">Lees verder <span class=\"screen-reader-text\">&#8220;Utrechtse Padvinders Marsband&#8221;<\/span><\/a><\/p>\n","protected":false},"author":1,"featured_media":0,"parent":0,"menu_order":0,"comment_status":"closed","ping_status":"closed","template":"","meta":{"footnotes":""},"class_list":["post-4148","page","type-page","status-publish","hentry"],"_links":{"self":[{"href":"https:\/\/beeldbank.site\/index.php?rest_route=\/wp\/v2\/pages\/4148","targetHints":{"allow":["GET"]}}],"collection":[{"href":"https:\/\/beeldbank.site\/index.php?rest_route=\/wp\/v2\/pages"}],"about":[{"href":"https:\/\/beeldbank.site\/index.php?rest_route=\/wp\/v2\/types\/page"}],"author":[{"embeddable":true,"href":"https:\/\/beeldbank.site\/index.php?rest_route=\/wp\/v2\/users\/1"}],"replies":[{"embeddable":true,"href":"https:\/\/beeldbank.site\/index.php?rest_route=%2Fwp%2Fv2%2Fcomments&post=4148"}],"version-history":[{"count":0,"href":"https:\/\/beeldbank.site\/index.php?rest_route=\/wp\/v2\/pages\/4148\/revisions"}],"wp:attachment":[{"href":"https:\/\/beeldbank.site\/index.php?rest_route=%2Fwp%2Fv2%2Fmedia&parent=4148"}],"curies":[{"name":"wp","href":"https:\/\/api.w.org\/{rel}","templated":true}]}}